e prime factors of z?
2, 3
Suppose 0 = x - 3. Suppose -x*c + 15 = -3. Suppose 3*m - c = 5*k, 2*k + 1 = -3*m + 28. List the prime factors of m.
7
Suppose -x + 9 = 4*j - 17, 3*x - 5*j - 10 = 0. What are the prime factors of x?
2, 5
Let l(a) = 6*a + 1. Let g be l(1). Let o = 19 - g. Suppose -t + 2*t = o. List the prime factors of t.
2, 3
Suppose -2*t - 2*j = -200, t + t - 2*j - 180 = 0. Let v = t + -68. What are the prime factors of v?
3
List the prime factors of 82/4 - 3/2.
19
Let j(d) = -d**3 - 5*d**2 + 3. What are the prime factors of j(-8)?
3, 5, 13
Let v(a) = 4*a**2 - 2*a + 4. List the prime factors of v(3).
2, 17
Suppose -4*u + 3*u = 5*r - 113, -16 = -r + 2*u. Let i = r + -15. Suppose -3*t + i = -14. What are the prime factors of t?
7
Let u be (0 - 0/2)/(-2). Let d = 0 - u. Suppose d = 5*v - 14 - 6. List the prime factors of v.
2
Let c be 6/(-1 + -2) + -10. List the prime factors of 3/(1/((-20)/c)).
5
Suppose -3*w - 15 = -0*w. Let l(u) = u**3 + 4*u**2 - 4*u + 3. Let z be l(w). What are the prime factors of z*(2 - (-45)/(-6))?
11
Let q be (4/6)/((-6)/9). Let s = q - -3. Suppose -s = 4*b - 10. List the prime factors of b.
2
Let r be 2*(-3)/9*-3. Let x be r/(-4)*(-6)/3. List the prime factors of (x/(-2))/(1/(-10)).
5
Suppose -3*l - 2*l = 5. Let t be (-7 - -2)*4/(-5). List the prime factors of (t - 3)/(l/(-19)).
19
Suppose k = 2*p - 1, 0 = -3*k - 2*p + 5*p. Let r(a) = 6*a**2 + 4. Let b(j) = -j**2 + j. Let d(t) = k*r(t) + 5*b(t). What are the prime factors of d(-6)?
2, 5
Suppose l = 19 - 64. List the prime factors of -11 + 13 - (-1 + l).
2, 3
Let a be (-2)/7 + (-160)/28. Let j(q) = q**3 + 7*q**2 + 6*q + 3. List the prime factors of j(a).
3
Let t = -109 - -203. List the prime factors of t.
2, 47
List the prime factors of 15*(-9)/((-27)/4).
2, 5
Suppose 0 = 4*j + 8, j = -5*z + 27 + 11. Let a = -3 + z. Suppose 2*x = a*l - 2*x - 81, -2*l = x - 22. List the prime factors of l.
13
Let r = 140 - -14. List the prime factors of r.
2, 7, 11
Let g(n) = -2*n + 1. Let w be g(-1). Suppose -w*m = 4*v - 33, m + 4*v - 40 = -3*m. What are the prime factors of m?
7
List the prime factors of (-40)/(-10) + 2*7.
2, 3
Let u be 3 + 0/(-2 - 1). Let g be ((-11)/u)/((-1)/3). Suppose 0 = 3*j + 9, j + 4*j = -2*a + g. List the prime factors of a.
13
Suppose -4*q + 3*v = -39, -5*v - 25 = -0*v. Let d = q - -4. List the prime factors of d.
2, 5
Suppose 9 = 3*j - 3. Let s(f) = -f - 2*f + j*f. What are the prime factors of s(10)?
2, 5
Let i = 53 - 21. List the prime factors of i.
2
Suppose 4*r + 24 - 160 = -2*w, 2*w + 8 = 0. What are the prime factors of r?
2, 3
Let b(p) = -2*p + 6. Let z be b(-6). Let u be 0 - -1 - (-7 - 3). Let f = z - u. What are the prime factors of f?
7
Let v = 3 + 0. Suppose -48 = -v*r - r. List the prime factors of r.
2, 3
Suppose s = -s - w - 60, -4*s + 4*w = 144. What are the prime factors of 3 - (-2 + -3 + s)?
2, 5
Let d(k) = -2*k**2 - 3*k**3 - 2*k + 18 + k**3 - 17. Let s be d(-2). Suppose 0 = 4*t + u - 27, -t = -0*t - u - s. List the prime factors of t.
2
Let m = -17 + 16. List the prime factors of 4/(-8)*-2 - m.
2
Suppose -4*f = -2*a - 564, -4*f = -0*f + 5*a - 592. What are the prime factors of f?
11, 13
Let x be 0 + (0 - -1) - -3. Suppose -x*s + 12 + 40 = 0. What are the prime factors of s?
13
What are the prime factors of (-49 - -1)*(-8 - (-10)/2)?
2, 3
Suppose -5*i + i = -176. List the prime factors of i.
2, 11
List the prime factors of 84/(-147)*182/(-4).
2, 13
List the prime factors of 119 - (1 + -2 + (-3 - -2)).
11
Let v = -45 + 63. List the prime factors of v.
2, 3
Let r be (-218)/(-6) - (-1)/(-3). Suppose -2*h - r = -4*h. What are the prime factors of h?
2, 3
Let w = 64 - 10. Suppose -2*s + w = -0*s. List the prime factors of s.
3
Suppose -18*u + 728 = -14*u. What are the prime factors of u?
2, 7, 13
List the prime factors of (-14)/(3/3*-1).
2, 7
Suppose -18 - 53 = -j + y, 4*j = y + 278. List the prime factors of j.
3, 23
Suppose -136 = -5*u + u. Suppose -2*n = -4*n + u. List the prime factors of n.
17
Suppose p = -p + 8. Let l be 22/p - 7/(-14). Let h(f) = -f**3 + 7*f**2 - 4*f - 8. List the prime factors of h(l).
2
Suppose 5*a = -p + 6, 3*a = p + 2*p - 36. List the prime factors of p.
11
Let q = -67 - -114. List the prime factors of q.
47
Let b = 155 - 68. List the prime factors of b.
3, 29
Let r be ((-10)/8)/(1/(-4)). Suppose -2*h + 12 = -4*b, 5*b = 2*h + 3*h - 10. Let f = h + r. List the prime factors of f.
3
Let m(r) = -1 - 7*r**3 + 0 - 5*r**3. Let s be m(-1). Suppose -4*w + 3*w + s = 0. What are the prime factors of w?
11
Suppose 2*a = -2*a + 12. Suppose 0*g - 21 = a*g. Let u = 13 + g. What are the prime factors of u?
2, 3
Let b(q) = -q**3 + 10*q**2 + 13*q. What are the prime factors of b(10)?
2, 5, 13
Suppose -4*k + 88 = -136. List the prime factors of k.
2, 7
Suppose 0 = d + 2*d. Let v be (0 + 0)/(-1 - d). Let c = 13 + v. List the prime factors of c.
13
Let a = -26 - -17. What are the prime factors of (-25)/(-9) + (-2)/a?
3
Let o be (-38)/(-9) + (-6)/27. Let b be 70/4 + (-1)/2. What are the prime factors of (7 + -3)*b/o?
17
Let s(l) = l**2 + 2*l + 1. Let x be s(-2). What are the prime factors of x/(39/19 + -2)?
19
Suppose 0 = -4*q - 2*h - 50, -q - 38 = 3*q - 2*h. Let b = q + 16. Suppose -4*k - 1 = 4*o - 13, 4*o = -3*k + b. List the prime factors of k.
7
List the prime factors of 0 + 11 - 0/(-1).
11
Let b(i) = 26*i**2 - 2*i + 1. Let j(v) = -v**3 + v**2 - 1. Let d be j(-1). List the prime factors of b(d).
5
Let r be (-2)/1*2/4. What are the prime factors of ((-8)/6)/(r/6)?
2
Suppose -5*c + n - 11 = -33, -3 = -3*c + 4*n. Suppose -32 = -c*z - 2. List the prime factors of z.
2, 3
Let m = 151 - 107. What are the prime factors of m?
2, 11
List the prime factors of 57*(-8)/(-12) - 3.
5, 7
Let d = -3 - -5. Suppose -d*c = -0*c + 14. Let s(n) = -2*n - 9. List the prime factors of s(c).
5
Suppose -2*a + 2 = k, 4*a + 32 = 4*k - 0*a. Let p be (-3)/(-2)*(-8)/k. List the prime factors of (3 + p)*(-2 - -13).
11
Suppose 9 = -2*s - 23. Let a = s + 29. List the prime factors of a.
13
Let a = 13 - 8. Suppose 2*p = -3*h + 31, a*p + 4*h = 31 + 50. List the prime factors of p.
17
Let d = 0 - -2. Let y be d + ((-6)/(-3) - 4). Suppose y*p - 2*p = 2, 3*p - 52 = -5*f. What are the prime factors of f?
11
Let o be (-580)/(-12) - 1/3. Let p be (-5 + 0)*o/20. Let q = p - -19. What are the prime factors of q?
7
What are the prime factors of (1 + (-6)/4)/((-2)/136)?
2, 17
Let f(m) = -m**2 + 11*m - 5. List the prime factors of f(6).
5
Let q(l) = -14*l - 61. List the prime factors of q(-7).
37
Let l(w) = -3*w**3 - 8*w - 2 + 6 + 2*w**3 + 8 + 9*w**2. Suppose -3*m - 24 = -6*m. List the prime factors of l(m).
2, 3
Let b be (2*1)/((-28)/630). Let d = -22 - b. List the prime factors of d.
23
Suppose r + 4*p - 154 = 0, 6*r + 664 = 10*r + 4*p. List the prime factors of r.
2, 5, 17
Let r(k) = k**2 + 9*k + 11. Let q be r(-8). Suppose -q*d - 24 = -6*d. What are the prime factors of d?
2
What are the prime factors of ((-489)/(-4))/((-21)/(-28))?
163
Let m(w) = 12*w**2 - w + 1. Let c be m(1). Suppose 2*l + 0*l = c. Suppose 0 = -5*y + 41 - l. What are the prime factors of y?
7
Let t(x) = x**2 - 2*x. Let b be 3*(-2 + (-2)/(-3)). Let c = b + 7. List the prime factors of t(c).
3
Let p(z) be the first derivative of z**3/3 - 3*z**2/2 + z + 1. Let f be p(4). Suppose 3*o = f*o - 40. List the prime factors of o.
2, 5
Let i(v) = -v**2 + 22*v + 3. List the prime factors of i(15).
2, 3
Suppose 2*u - 254 = -3*i, -5*u + 315 = 2*i - 320. List the prime factors of u.
127
Let t be 33/12 + (-2)/(-8). Suppose 25 = 6*r - t*r - 5*d, 0 = -4*r - 3*d - 15. Suppose j + j = 4*v - 20, r = 2*v - 3*j - 10. List the prime factors of v.
5
Suppose -3*w = w + 152. Let f = w - -53. List the prime factors of f.
3, 5
Suppose 6*g = 2*g - 48. Let x = g - -15. What are the prime factors of x?
3
Let k = -7 - -28. What are the prime factors of k?
3, 7
Suppose -11 - 4 = -5*q. Suppose 3*c + 4*v = 6*c - q, 5 = -2*c + 5*v. List the prime factors of c.
5
Suppose -4*m + 124 = -4*i, 0*i + 2*m = 3*i + 89. Let u = i - -50. What are the prime factors of u?
23
Let y(f) be the first derivative of f**4/2 - f**3 + 2*f**2 - 2*f - 1. Let b be y(2). Let n = b - -5. What are the prime factors of n?
3, 5
Let j(s) = -s**2 - 12*s + 13. Let 